visor of 1039253 and 27452627.
11677
What is the greatest common factor of 9674182 and 2212?
1106
What is the greatest common divisor of 329384 and 245993?
209
What is the greatest common factor of 942033967 and 49?
49
Calculate the highest common divisor of 5424401 and 118.
59
Calculate the greatest common factor of 34771 and 345094.
109
Calculate the highest common factor of 12 and 37090332.
12
Calculate the greatest common divisor of 18343 and 969527.
221
What is the highest common divisor of 1 and 11966663?
1
Calculate the greatest common divisor of 519778 and 208670.
3794
What is the greatest common factor of 381534550 and 8425?
8425
Calculate the greatest common divisor of 13015 and 2329.
137
Calculate the highest common factor of 22 and 25302101.
11
Calculate the highest common factor of 261783 and 1229049.
4437
What is the highest common factor of 1828 and 71461547?
457
What is the highest common divisor of 132139 and 192038?
301
Calculate the highest common factor of 8448 and 8495322.
66
Calculate the greatest common divisor of 7261011 and 63.
9
What is the greatest common divisor of 23188 and 96596?
124
What is the highest common divisor of 701144155 and 1060?
265
What is the greatest common divisor of 27 and 113831226?
9
What is the highest common factor of 38061 and 4491?
9
What is the highest common factor of 3193214 and 137482?
2594
What is the greatest common factor of 4223 and 1263866?
41
What is the highest common divisor of 2364 and 85236?
12
What is the greatest common factor of 1090 and 747130?
10
Calculate the highest common divisor of 11 and 268520582.
11
What is the highest common factor of 40 and 5289855?
5
What is the highest common factor of 44 and 74879332?
44
What is the highest common divisor of 1781118 and 59466?
318
Calculate the highest common divisor of 126283 and 2864661.
293
What is the highest common divisor of 15 and 120357165?
15
What is the greatest common divisor of 2580786720 and 8?
8
What is the greatest common factor of 4408962 and 92966?
1978
Calculate the highest common factor of 12150885 and 5325.
15
What is the highest common divisor of 83 and 3492474?
83
Calculate the highest common factor of 15008 and 83384.
56
What is the highest common factor of 99278622 and 5328?
666
What is the greatest common factor of 248031 and 4191?
381
Calculate the greatest common factor of 345 and 29196660.
345
What is the highest common factor of 1410840 and 135?
45
Calculate the highest common divisor of 17841 and 23997.
57
What is the greatest common factor of 592 and 100270703?
37
Calculate the greatest common factor of 468228212 and 238.
34
Calculate the greatest common divisor of 36466008 and 192.
24
What is the greatest common factor of 76887 and 7?
1
Calculate the greatest common factor of 16 and 565053584.
16
Calculate the greatest common factor of 157102231 and 16731.
1859
What is the highest common factor of 7849486 and 4094?
46
What is the greatest common factor of 17405 and 461555?
5
What is the greatest common factor of 91524 and 1498311?
789
What is the greatest common divisor of 2658608 and 656?
16
What is the greatest common factor of 93992 and 628382?
758
What is the highest common factor of 4738 and 24332758?
46
Calculate the greatest common factor of 104247080 and 2240.
280
What is the greatest common divisor of 10 and 336385155?
5
What is the highest common factor of 720 and 5197600?
80
What is the highest common divisor of 52 and 951633280?
52
Calculate the greatest common factor of 5353900 and 1332.
148
What is the highest common divisor of 370 and 207867480?
370
Calculate the highest common divisor of 5234888 and 115895.
1783
Calculate the greatest common factor of 15552 and 1273280.
64
Calculate the greatest common factor of 24271 and 1577251.
13
Calculate the highest common factor of 24 and 290942052.
12
What is the highest common factor of 438 and 96042?
6
What is the greatest common factor of 2022730 and 56280?
670
What is the highest common divisor of 10 and 29154900?
10
Calculate the highest common divisor of 5733 and 5049135.
819
Calculate the greatest common factor of 5570365 and 116965.
745
Calculate the greatest common factor of 1112096 and 6348.
92
Calculate the highest common factor of 6467076 and 9702.
1386
What is the highest common factor of 280783832 and 32?
8
What is the greatest common divisor of 4289355 and 630?
315
What is the highest common divisor of 95 and 5216045?
5
What is the greatest common factor of 5107654 and 2490?
166
Calculate the highest common divisor of 391313 and 13594.
971
Calculate the highest common divisor of 12425 and 78725.
25
What is the highest common factor of 682 and 44155067?
341
Calculate the greatest common factor of 193630 and 3485.
85
Calculate the greatest common factor of 48362587 and 1729.
91
What is the highest common divisor of 949 and 44083?
13
Calculate the greatest common divisor of 1008957 and 744.
93
What is the highest common factor of 225140 and 1000?
20
Calculate the greatest common factor of 25944 and 605033538.
6486
What is the greatest common divisor of 4088 and 2827363?
511
What is the highest common factor of 1191844 and 1332?
148
What is the highest common factor of 627 and 6173233?
209
Calculate the greatest common factor of 57577776 and 264.
24
Calculate the highest common factor of 646414122 and 3732.
1866
Calculate the highest common factor of 179207 and 49.
7
What is the highest common divisor of 16170 and 5113570?
770
What is the greatest common divisor of 2164 and 14927272?
2164
What is the greatest common divisor of 875 and 3892375?
125
What is the greatest common divisor of 9592282 and 49?
7
Calculate the greatest common factor of 1360138 and 9178.
26
Calculate the highest common factor of 7103625 and 61275.
1425
What is the highest common factor of 1460796 and 134292?
228
Calculate the greatest common divisor of 64 and 19518944.
32
What is the greatest common divisor of 3220 and 16714460?
140
Calculate the greatest common factor of 3372 and 110666511.
843
What is the highest common factor of 1053 and 42961104?
81
Calculate the greatest common divisor of 17980 and 208204804.
3596
What is the highest common divisor of 170282501 and 23?
23
Calculate the highest common factor of 1603338 and 307734.
102
Calculate the highest common divisor of 19750804 and 85.
17
Calculate the highest common divisor of 134210 and 26250.
10
What is the highest common divisor of 76055 and 33157807?
2173
Calculate the highest common divisor of 5631776 and 60.
4
Calculate the highest common factor of 19041497 and 326.
163
What is the greatest common factor of 164773352 and 94?
94
Calculate the greatest common factor of 210 and 7356882.
6
What is the highest common factor of 374 and 35739374?
22
What is the highest common factor of 1822873 and 2249?
13
What is the highest common factor of 864139 and 1235?
19
What is the greatest common divisor of 24801002 and 758?
758
What is the highest common divisor of 7001351 and 28?
7
Calculate the highest common factor of 15 and 26696460.
15
Calculate the greatest common divisor of 1869898 and 774.
86
What is the highest common divisor of 12991986 and 54?
18
What is the greatest common divisor of 252309 and 108903?
93
What is the greatest common factor of 199044 and 128428?
388
Calculate the greatest common divisor of 71360 and 1116883904.
14272
Calculate the highest common factor of 356402 and 20453.
113
What is the highest common factor of 66824132 and 1956?
652
What is the greatest common divisor of 201000 and 3705?
15
Calculate the highest common divisor of 1398015 and 45.
45
Calculate the highest common divisor of 572 and 308044308.
572
Calculate the greatest common divisor of 30035160 and 495.
45
Calculate the highest common factor of 18314988 and 91218.
3966
Calculate the highest common factor of 7359498 and 86697.
513
Calculate the highest common divisor of 717 and 7906837.
239
Calculate the highest common factor of 4634080 and 5280.
1760
Calculate the greatest common divisor of 1474878 and 2452.
1226
What is the greatest common divisor of 44296698 and 2?
2
Calculate the highest common divisor of 11708009 and 209.
19
Calculate the greatest common factor of 70736 and 41208.
8
Calculate the hi